digit of 2261981?
1
What is the hundred thousands digit of 271208?
2
What is the tens digit of 1174377?
7
What is the hundred thousands digit of 4891365?
8
What is the millions digit of 5203398?
5
What is the hundred thousands digit of 7184929?
1
What is the units digit of 794583?
3
What is the ten thousands digit of 266675?
6
What is the hundred thousands digit of 6105441?
1
What is the tens digit of 10050218?
1
What is the millions digit of 18685640?
8
What is the millions digit of 3628146?
3
What is the ten thousands digit of 4316735?
1
What is the units digit of 13475503?
3
What is the hundreds digit of 844913?
9
What is the millions digit of 8084438?
8
What is the tens digit of 75572?
7
What is the tens digit of 43228?
2
What is the units digit of 198933?
3
What is the units digit of 829387?
7
What is the ten thousands digit of 215302?
1
What is the hundred thousands digit of 34869279?
8
What is the tens digit of 525507?
0
What is the ten thousands digit of 3091484?
9
What is the hundreds digit of 772483?
4
What is the tens digit of 4366383?
8
What is the tens digit of 360882?
8
What is the hundred thousands digit of 625182?
6
What is the ten thousands digit of 11493302?
9
What is the thousands digit of 13021847?
1
What is the units digit of 4378919?
9
What is the units digit of 2871657?
7
What is the ten thousands digit of 3883685?
8
What is the units digit of 23995457?
7
What is the ten thousands digit of 1302007?
0
What is the ten thousands digit of 1255734?
5
What is the tens digit of 2814739?
3
What is the millions digit of 6460407?
6
What is the units digit of 40586?
6
What is the tens digit of 8166?
6
What is the hundreds digit of 9506709?
7
What is the units digit of 4534539?
9
What is the hundreds digit of 696650?
6
What is the units digit of 15892245?
5
What is the ten thousands digit of 52704?
5
What is the units digit of 18854973?
3
What is the hundreds digit of 6825107?
1
What is the units digit of 1301210?
0
What is the ten thousands digit of 17036679?
3
What is the ten thousands digit of 8764016?
6
What is the thousands digit of 392190?
2
What is the tens digit of 789147?
4
What is the ten thousands digit of 143374?
4
What is the ten thousands digit of 440338?
4
What is the hundred thousands digit of 438459?
4
What is the hundred thousands digit of 26486350?
4
What is the hundreds digit of 15757580?
5
What is the units digit of 2316329?
9
What is the tens digit of 3255382?
8
What is the ten thousands digit of 2567006?
6
What is the units digit of 194445?
5
What is the ten thousands digit of 22148451?
4
What is the hundreds digit of 23591711?
7
What is the units digit of 96461?
1
What is the hundred thousands digit of 4611107?
6
What is the units digit of 9188641?
1
What is the hundreds digit of 5830171?
1
What is the hundred thousands digit of 239925?
2
What is the hundreds digit of 1477541?
5
What is the thousands digit of 2220825?
0
What is the units digit of 569748?
8
What is the hundreds digit of 8356524?
5
What is the units digit of 57498?
8
What is the tens digit of 1050291?
9
What is the tens digit of 1566152?
5
What is the units digit of 77755?
5
What is the millions digit of 3188358?
3
What is the millions digit of 3652241?
3
What is the hundreds digit of 1081792?
7
What is the hundred thousands digit of 6422882?
4
What is the millions digit of 1290352?
1
What is the ten thousands digit of 8852411?
5
What is the hundreds digit of 289345?
3
What is the ten thousands digit of 248208?
4
What is the units digit of 8432589?
9
What is the hundreds digit of 162038?
0
What is the tens digit of 20760077?
7
What is the units digit of 183221?
1
What is the hundred thousands digit of 689999?
6
What is the hundred thousands digit of 335709?
3
What is the tens digit of 560523?
2
What is the hundred thousands digit of 4248835?
2
What is the millions digit of 1720438?
1
What is the tens digit of 6049303?
0
What is the units digit of 267995?
5
What is the tens digit of 1711197?
9
What is the tens digit of 182510?
1
What is the units digit of 282701?
1
What is the ten thousands digit of 2148543?
4
What is the tens digit of 5075241?
4
What is the ten thousands digit of 3993011?
9
What is the thousands digit of 88355?
8
What is the tens digit of 282439?
3
What is the hundreds digit of 196616?
6
What is the units digit of 193599?
9
What is the units digit of 67?
7
What is the tens digit of 9236276?
7
What is the units digit of 155106?
6
What is the units digit of 97357?
7
What is the ten millions digit of 11175072?
1
What is the ten thousands digit of 5340989?
4
What is the hundreds digit of 15360652?
6
What is the hundred thousands digit of 359852?
3
What is the thousands digit of 1395757?
5
What is the millions digit of 7091571?
7
What is the tens digit of 9457039?
3
What is the ten thousands digit of 89115?
8
What is the thousands digit of 169030?
9
What is the ten thousands digit of 353045?
5
What is the tens digit of 1926396?
9
What is the tens digit of 7778456?
5
What is the tens digit of 1451319?
1
What is the ten thousands digit of 196694?
9
What is the tens digit of 2982316?
1
What is the hundred thousands digit of 2073963?
0
What is the units digit of 1618573?
3
What is the hundreds digit of 149149?
1
What is the hundred thousands digit of 1019036?
0
What is the units digit of 6544611?
1
What is the hundreds digit of 1493693?
6
What is the tens digit of 4386?
8
What is the hundred thousands digit of 429065?
4
What is the thousands digit of 20197201?
7
What is the tens digit of 2361615?
1
What is the millions digit of 11564770?
1
What is the thousands digit of 3373973?
3
What is the hundred thousands digit of 2147467?
1
What is the tens digit of 187930?
3
What is the tens digit of 19046?
4
What is the thousands digit of 1571525?
1
What is the ten thousands digit of 135715?
3
What is the hundreds digit of 458989?
9
What is the units digit of 292027?
7
What is the hundreds digit of 61773?
7
What is the units digit of 4327067?
7
What is the hundred thousands digit of 19833833?
8
What is the hundreds digit of 743351?
3
What is the thousands digit of 16776572?
6
What is the thousands digit of 5065683?
5
What is the units digit of 6728526?
6
What is the units digit of 4487489?
9
What is the thousands digit of 774100?
4
What is the hundred thousands digit of 968294?
9
What is the millions digit of 1962825?
1
What is the thousands digit of 2307474?
7
What is the tens digit of 547810?
1
What is the hundred thousands digit of 733049?
7
What is the hundreds digit of 1054454?
4
What is the ten thousands digit of 588239?
8
What is the thousands digit of 657197?
7
What is the hundred thousands digit of 146330?
1
What is the ten thousands digit of 1921862?
2
What is the thousands digit of 44412?
4
What is the hundred thousands digit of 654886?
6
What is the thousands digit of 11336656?
6
What is the hundreds digit of 1373122?
1
What is the hundreds digit of 2153733?
7
What is the thousands digit of 1945962?
5
What is the ten thousands digit of 337809?
3
What is the thousands digit of 442132?
2
What is the hundred thousands digit of 2303141?
3
What is the ten thousands digit of 244734?
4
What is the hundred thousands digit of 254236?
2
What is the tens digit of 93857?
5
What is the ten thousands digit of 2562254?
6
What is the tens digit of 877918?
1
What is the units digit of 276501?
1
What is the ten millions digit of 11020888?
1
What is the units digit of 355621?
1
What is the thousands digit of 774108?
4
What is the tens digit of 242983?
8
What is the hundred thousands digit of 15543367?
5
What is the hundreds digit of 244707?
7
What is the ten thousands digit of 490678?
9
What is the thousands digit of 936225?
6
What is the units digit of 18879125?
5
What is the tens digit of 589129?
2
What is the tens digit of 906680?
8
What is the hundred thousands digit of 846989?
8
What is the tens digit of 4613294?
9
What is the units digit of 164988?
8
What is the tens digit of 4573?
7
What is the ten thousands digit of 5470130?
7
What is the tens digit of 1256001?
0
What is the hundred thousands digit of 2434470?
4
What is the units digit of 110277?
7
What is the tens digit of 12656934?
3
What is the units digit of 555071?
1
What is the hundr